{"id":495,"date":"2022-03-01T22:28:08","date_gmt":"2022-03-01T21:28:08","guid":{"rendered":"https:\/\/budapestritmo.hu\/konferencia\/"},"modified":"2022-03-28T18:57:41","modified_gmt":"2022-03-28T17:57:41","slug":"conference","status":"publish","type":"page","link":"https:\/\/2022.budapestritmo.hu\/en\/conference\/","title":{"rendered":"Conference"},"content":{"rendered":"\n<div class=\"is-layout-flow wp-block-group alignfull\"><div class=\"wp-block-group__inner-container\">\n<h1>Conference<\/h1>\n\n\n\n<h2>Join the discussion! <\/h2>\n\n\n\n<p>The Budapest Ritmo Conference is a perfect opportunity for music industry stakeholders to exchange know-hows and business cards. With international roundtable guests and delegates, Ritmo presents two focus areas this year: the cultural diplomacy and music strategy of European Capitals of Culture and UNESCO Music Cities, and the overlap of the music and film industry. The latter will include panel discussions with delegates from international music film festivals, distributors, sync pros, and more. Join for the networking and speed dating after for best results.<\/p>\n\n\n\n<p>The conference\u2019s official language is English.<\/p>\n\n\n\n<p>Entry to the conference is free of charge.<br>Please register for the conference via <a href=\"mailto:ritmo@budapestritmo.hu\" data-type=\"mailto\" data-id=\"mailto:ritmo@budapestritmo.hu\" target=\"_blank\" rel=\"noreferrer noopener\">ritmo@budapestritmo.hu<\/a><\/p>\n<\/div><\/div>\n\n\n<a name=\"timetable\"><\/a>\n<section class=\"timetable text-white\">\n\t\n\t<div class=\"container-fluid\">\n\t\t<div class=\"row\">\n\t\t\t<div class=\"col-12\">\n\t\t\t\t<h2>Conference<\/h2> \n\t\t\t<\/div>\n\t\t<\/div>\n\t<\/div>\n\n\n\t\n\t<div class=\"container-fluid dates\">\n\t\t<div class=\"row\">\n\t\t\t\t\t\t\t<div class=\"col-6 col-sm\" id=\"tab-day1\">\n\t\t\t\t\t<a class=\"day-select current-day\" href=\"#day1\">\n\t\t\t\t\t\tFriday 04.08.\t\t\t\t\t<\/a>\n\t\t\t\t\t\n\t\t\t\t<\/div>\n\t\t\t\t\t\t\t\t\n\t\t<\/div>\n\t<\/div>\n\t \n\n\n\t\n\t\t\t\n\t\t<div class=\"container-fluid day  current-day\" id=\"day1\">\n\t\t\n\t\t\t<div class=\"row\">\n\n\n\t\t\t\t<div class=\"col-1 timetable-timeslots d-none d-md-flex\">\n\t\t\t\t\t<ul><li class=\"full-hour\">10:00<\/li><li>10:15<\/li><li>10:30<\/li><li>10:45<\/li><li class=\"full-hour\">11:00<\/li><li>11:15<\/li><li>11:30<\/li><li>11:45<\/li><li class=\"full-hour\">12:00<\/li><li>12:15<\/li><li>12:30<\/li><li>12:45<\/li><li class=\"full-hour\">13:00<\/li><li>13:15<\/li><li>13:30<\/li><li>13:45<\/li><li class=\"full-hour\">14:00<\/li><li>14:15<\/li><li>14:30<\/li><li>14:45<\/li><li class=\"full-hour\">15:00<\/li><li>15:15<\/li><li>15:30<\/li><li>15:45<\/li><li class=\"full-hour\">16:00<\/li><li>16:15<\/li><li>16:30<\/li><li>16:45<\/li><\/ul>\n\t\t\t\t<\/div>\n\n\n\t\t\t\t\n\t\t\t\t\n\t\t\t\t\n\n\t\t\t\t\t\t\t<div class=\"col-12 col-sm timetable-column\">\n\t\t\t\t\t\t\t\t<div class=\"timetable-venue\">\n\t\t\t\t\t\t\t\t\tAkv\u00e1rium Klub, AranyHall\t\t\t\t\t\t\t\t<\/div>\n\n\n\t\t\t\t\t\t\t\t\t\t\t\t\t\t\t\t\t\t    \n\n\t\t\t\t\t\t\t\t\t\t\t\t\t\t\t\t\t\t\t\t\t\t\t\n\t\n\n\n\t\t\t\t\t\t\t\t\t\t<a href=\"https:\/\/2022.budapestritmo.hu\/en\/budapest-ritmo-conference\/\">\t\t\t\t\t\t\t\t\t\t\t<div class=\"timetable-event\" style=\"top:0px; min-height:78px;\">\n\n\t\t\t\t\t\t\t\t\t\t\t\t<div class=\"timetable-event-time\">\n\t\t\t\t\t\t\t\t\t\t\t\t\t10:00-11:00\t\t\t\t\t\t\t\t\t\t\t\t\t\n\t\t\t\t\t\t\t\t\t\t\t\t<\/div>\n\t\t\t\t\t\t\t\t\t\t\t\t<div class=\"timetable-event-performer\">\n\t\t\t\t\t\t\t\t\t\t\t\t\tLet&#8217;s Talk About ECoC Music Strategies I.\t\t\t\t\t\t\t\t\t\t\t\t<\/div>\n\t\t\t\t\t\t\t\t\t\t\t\t<span class=\"timetable-event-country\"><p>Roundtable: Novi Sad 2022 (SRB), Timisoara 2023 (RO), Veszpr\u00e9m 2023 (HU)<br \/>\nModerator: Anna Isola<\/p>\n <\/span>\n\t\t\t\t\t\t\t\t\t\t\t\t\n\t\t\t\t\t\t\t\t\t\t\t<\/div>\n\t\t\t\t\t\t\t\t\t\t<\/a>\n\t\t\t\t\t\t\t\t\t\t\t\t\t\t\n\t\t\t\t\t\t\t\t\t\t\t\t\t\t\t\t\t\t\t    \n\n\t\t\t\t\t\t\t\t\t\t\t\t\t\t\t\t\t\t\t\t\t\t\t\n\t\n\n\n\t\t\t\t\t\t\t\t\t\t<a href=\"https:\/\/2022.budapestritmo.hu\/en\/budapest-ritmo-conference\/\">\t\t\t\t\t\t\t\t\t\t\t<div class=\"timetable-event\" style=\"top:80px; min-height:78px;\">\n\n\t\t\t\t\t\t\t\t\t\t\t\t<div class=\"timetable-event-time\">\n\t\t\t\t\t\t\t\t\t\t\t\t\t11:00-12:00\t\t\t\t\t\t\t\t\t\t\t\t\t\n\t\t\t\t\t\t\t\t\t\t\t\t<\/div>\n\t\t\t\t\t\t\t\t\t\t\t\t<div class=\"timetable-event-performer\">\n\t\t\t\t\t\t\t\t\t\t\t\t\tLet&#8217;s Talk About ECoC Music Strategies II.\t\t\t\t\t\t\t\t\t\t\t\t<\/div>\n\t\t\t\t\t\t\t\t\t\t\t\t<span class=\"timetable-event-country\"><p>Roundtable: Nova Gorica (SI) \u2013 Gorizia (IT) 2025, Tartu 2024 (EE), Tren\u010d\u00edn 2026 (SK), Ibagu\u00e9 (CO) \u2013The American Capital of Culture and UNESCO Music City<br \/>\nModerator: Bal\u00e1zs Weyer<\/p>\n <\/span>\n\t\t\t\t\t\t\t\t\t\t\t\t\n\t\t\t\t\t\t\t\t\t\t\t<\/div>\n\t\t\t\t\t\t\t\t\t\t<\/a>\n\t\t\t\t\t\t\t\t\t\t\t\t\t\t\n\t\t\t\t\t\t\t\t\t\t\t\t\t\t\t\t\t\t\t    \n\n\t\t\t\t\t\t\t\t\t\t\t\t\t\t\t\t\t\t\t\t\t\t\t\n\t\n\n\n\t\t\t\t\t\t\t\t\t\t<a href=\"https:\/\/2022.budapestritmo.hu\/en\/budapest-ritmo-conference\/\">\t\t\t\t\t\t\t\t\t\t\t<div class=\"timetable-event\" style=\"top:160px; min-height:78px;\">\n\n\t\t\t\t\t\t\t\t\t\t\t\t<div class=\"timetable-event-time\">\n\t\t\t\t\t\t\t\t\t\t\t\t\t12:00-13:00\t\t\t\t\t\t\t\t\t\t\t\t\t\n\t\t\t\t\t\t\t\t\t\t\t\t<\/div>\n\t\t\t\t\t\t\t\t\t\t\t\t<div class=\"timetable-event-performer\">\n\t\t\t\t\t\t\t\t\t\t\t\t\tWorld Cafe with European Capitals of Culture\t\t\t\t\t\t\t\t\t\t\t\t<\/div>\n\t\t\t\t\t\t\t\t\t\t\t\t<span class=\"timetable-event-country\"><p>Meet and Discuss with representatives<br \/>\nModerator: Bal\u00e1zs Weyer<\/p>\n <\/span>\n\t\t\t\t\t\t\t\t\t\t\t\t\n\t\t\t\t\t\t\t\t\t\t\t<\/div>\n\t\t\t\t\t\t\t\t\t\t<\/a>\n\t\t\t\t\t\t\t\t\t\t\t\t\t\t\n\t\t\t\t\t\t\t\t\t\t\t\t\t\t\t\t\t\t\t    \n\n\t\t\t\t\t\t\t\t\t\t\t\t\t\t\t\t\t\t\t\t\t\t\t\n\t\n\n\n\t\t\t\t\t\t\t\t\t\t<a href=\"https:\/\/2022.budapestritmo.hu\/en\/budapest-ritmo-conference-2\/\">\t\t\t\t\t\t\t\t\t\t\t<div class=\"timetable-event\" style=\"top:320px; min-height:78px;\">\n\n\t\t\t\t\t\t\t\t\t\t\t\t<div class=\"timetable-event-time\">\n\t\t\t\t\t\t\t\t\t\t\t\t\t14:00-15:00\t\t\t\t\t\t\t\t\t\t\t\t\t\n\t\t\t\t\t\t\t\t\t\t\t\t<\/div>\n\t\t\t\t\t\t\t\t\t\t\t\t<div class=\"timetable-event-performer\">\n\t\t\t\t\t\t\t\t\t\t\t\t\tRoundtable: Music Film Festivals\t\t\t\t\t\t\t\t\t\t\t\t<\/div>\n\t\t\t\t\t\t\t\t\t\t\t\t<span class=\"timetable-event-country\"><p>Moderator: Eszter L\u00e1nyi<\/p>\n <\/span>\n\t\t\t\t\t\t\t\t\t\t\t\t\n\t\t\t\t\t\t\t\t\t\t\t<\/div>\n\t\t\t\t\t\t\t\t\t\t<\/a>\n\t\t\t\t\t\t\t\t\t\t\t\t\t\t\n\t\t\t\t\t\t\t\t\t\t\t\t\t\t\t\t\t\t\t    \n\n\t\t\t\t\t\t\t\t\t\t\t\t\t\t\t\t\t\t\t\t\t\t\t\n\t\n\n\n\t\t\t\t\t\t\t\t\t\t<a href=\"https:\/\/2022.budapestritmo.hu\/en\/budapest-ritmo-conference-2\/\">\t\t\t\t\t\t\t\t\t\t\t<div class=\"timetable-event\" style=\"top:400px; min-height:78px;\">\n\n\t\t\t\t\t\t\t\t\t\t\t\t<div class=\"timetable-event-time\">\n\t\t\t\t\t\t\t\t\t\t\t\t\t15:00-16:00\t\t\t\t\t\t\t\t\t\t\t\t\t\n\t\t\t\t\t\t\t\t\t\t\t\t<\/div>\n\t\t\t\t\t\t\t\t\t\t\t\t<div class=\"timetable-event-performer\">\n\t\t\t\t\t\t\t\t\t\t\t\t\tRoundtable: Distribution of Music Films\t\t\t\t\t\t\t\t\t\t\t\t<\/div>\n\t\t\t\t\t\t\t\t\t\t\t\t<span class=\"timetable-event-country\"><p>Moderator: Aj\u00e1ndok Gyenis<\/p>\n <\/span>\n\t\t\t\t\t\t\t\t\t\t\t\t\n\t\t\t\t\t\t\t\t\t\t\t<\/div>\n\t\t\t\t\t\t\t\t\t\t<\/a>\n\t\t\t\t\t\t\t\t\t\t\t\t\t\t\n\t\t\t\t\t\t\t\t\t\t\t\t\t\t\t\t\t\t\t    \n\n\t\t\t\t\t\t\t\t\t\t\t\t\t\t\t\t\t\t\t\t\t\t\t\n\t\n\n\n\t\t\t\t\t\t\t\t\t\t<a href=\"https:\/\/2022.budapestritmo.hu\/en\/budapest-ritmo-conference-2\/\">\t\t\t\t\t\t\t\t\t\t\t<div class=\"timetable-event\" style=\"top:480px; min-height:78px;\">\n\n\t\t\t\t\t\t\t\t\t\t\t\t<div class=\"timetable-event-time\">\n\t\t\t\t\t\t\t\t\t\t\t\t\t16:00-17:00\t\t\t\t\t\t\t\t\t\t\t\t\t\n\t\t\t\t\t\t\t\t\t\t\t\t<\/div>\n\t\t\t\t\t\t\t\t\t\t\t\t<div class=\"timetable-event-performer\">\n\t\t\t\t\t\t\t\t\t\t\t\t\tRoundtable: Sync \u2013 Music Placement in Ads, Shows &#038; More\t\t\t\t\t\t\t\t\t\t\t\t<\/div>\n\t\t\t\t\t\t\t\t\t\t\t\t<span class=\"timetable-event-country\"><p>Moderator: Bal\u00e1zs Weyer<\/p>\n <\/span>\n\t\t\t\t\t\t\t\t\t\t\t\t\n\t\t\t\t\t\t\t\t\t\t\t<\/div>\n\t\t\t\t\t\t\t\t\t\t<\/a>\n\t\t\t\t\t\t\t\t\t\t\t\t\t\t\n\t\t\t\t\t\t\t\t\t\n\t\t\t\t\t\t\t<\/div>\n\n\t\t\t\t\t\t\t\n\n\t\t\t\t\n\n\t\t\t\t\n\t\t\t\n\t\t\t<\/div> <!-- \/row -->\n\t\t<\/div>  <!-- \/container.day -->\n\n\t\t\n<\/section> <!-- \/timetable.section -->","protected":false},"excerpt":{"rendered":"<p>Conference Join the discussion! The Budapest Ritmo Conference is a perfect opportunity for music industry stakeholders to exchange know-hows and business cards. With international roundtable guests and delegates, Ritmo presents two focus areas this year: the cultural diplomacy and music strategy of European Capitals of Culture and UNESCO Music Cities, and the overlap of the [&hellip;]<\/p>\n","protected":false},"author":1,"featured_media":0,"parent":0,"menu_order":0,"comment_status":"closed","ping_status":"closed","template":"page-templates\/page-fullwidth.php","meta":[],"acf":[],"_links":{"self":[{"href":"https:\/\/2022.budapestritmo.hu\/en\/wp-json\/wp\/v2\/pages\/495"}],"collection":[{"href":"https:\/\/2022.budapestritmo.hu\/en\/wp-json\/wp\/v2\/pages"}],"about":[{"href":"https:\/\/2022.budapestritmo.hu\/en\/wp-json\/wp\/v2\/types\/page"}],"author":[{"embeddable":true,"href":"https:\/\/2022.budapestritmo.hu\/en\/wp-json\/wp\/v2\/users\/1"}],"replies":[{"embeddable":true,"href":"https:\/\/2022.budapestritmo.hu\/en\/wp-json\/wp\/v2\/comments?post=495"}],"version-history":[{"count":0,"href":"https:\/\/2022.budapestritmo.hu\/en\/wp-json\/wp\/v2\/pages\/495\/revisions"}],"wp:attachment":[{"href":"https:\/\/2022.budapestritmo.hu\/en\/wp-json\/wp\/v2\/media?parent=495"}],"curies":[{"name":"wp","href":"https:\/\/api.w.org\/{rel}","templated":true}]}}

<div class="is-layout-flow wp-block-group alignfull"><div class="wp-block-group__inner-container">
<h1>Conference</h1>



<h2>Join the discussion! </h2>



<p>The Budapest Ritmo Conference is a perfect opportunity for music industry stakeholders to exchange know-hows and business cards. With international roundtable guests and delegates, Ritmo presents two focus areas this year: the cultural diplomacy and music strategy of European Capitals of Culture and UNESCO Music Cities, and the overlap of the music and film industry. The latter will include panel discussions with delegates from international music film festivals, distributors, sync pros, and more. Join for the networking and speed dating after for best results.</p>



<p>The conference’s official language is English.</p>



<p>Entry to the conference is free of charge.<br>Please register for the conference via <a href="mailto:ritmo@budapestritmo.hu" data-type="mailto" data-id="mailto:ritmo@budapestritmo.hu" target="_blank" rel="noreferrer noopener">ritmo@budapestritmo.hu</a></p>
</div></div>


<a name="timetable"></a>
<section class="timetable text-white">
	
	<div class="container-fluid">
		<div class="row">
			<div class="col-12">
				<h2>Conference</h2> 
			</div>
		</div>
	</div>


	
	<div class="container-fluid dates">
		<div class="row">
							<div class="col-6 col-sm" id="tab-day1">
					<a class="day-select current-day" href="#day1">
						Friday 04.08.					</a>
					
				</div>
								
		</div>
	</div>
	 


	
			
		<div class="container-fluid day  current-day" id="day1">
		
			<div class="row">


				<div class="col-1 timetable-timeslots d-none d-md-flex">
					<ul><li class="full-hour">10:00</li><li>10:15</li><li>10:30</li><li>10:45</li><li class="full-hour">11:00</li><li>11:15</li><li>11:30</li><li>11:45</li><li class="full-hour">12:00</li><li>12:15</li><li>12:30</li><li>12:45</li><li class="full-hour">13:00</li><li>13:15</li><li>13:30</li><li>13:45</li><li class="full-hour">14:00</li><li>14:15</li><li>14:30</li><li>14:45</li><li class="full-hour">15:00</li><li>15:15</li><li>15:30</li><li>15:45</li><li class="full-hour">16:00</li><li>16:15</li><li>16:30</li><li>16:45</li></ul>
				</div>


				
				
				

							<div class="col-12 col-sm timetable-column">
								<div class="timetable-venue">
									Akvárium Klub, AranyHall								</div>


																		    

																							
	


										<a href="https://2022.budapestritmo.hu/en/budapest-ritmo-conference/">											<div class="timetable-event" style="top:0px; min-height:78px;">

												<div class="timetable-event-time">
													10:00-11:00													
												</div>
												<div class="timetable-event-performer">
													Let&#8217;s Talk About ECoC Music Strategies I.												</div>
												<span class="timetable-event-country"><p>Roundtable: Novi Sad 2022 (SRB), Timisoara 2023 (RO), Veszprém 2023 (HU)<br />
Moderator: Anna Isola</p>
 </span>
												
											</div>
										</a>
														
																			    

																							
	


										<a href="https://2022.budapestritmo.hu/en/budapest-ritmo-conference/">											<div class="timetable-event" style="top:80px; min-height:78px;">

												<div class="timetable-event-time">
													11:00-12:00													
												</div>
												<div class="timetable-event-performer">
													Let&#8217;s Talk About ECoC Music Strategies II.												</div>
												<span class="timetable-event-country"><p>Roundtable: Nova Gorica (SI) – Gorizia (IT) 2025, Tartu 2024 (EE), Trenčín 2026 (SK), Ibagué (CO) –The American Capital of Culture and UNESCO Music City<br />
Moderator: Balázs Weyer</p>
 </span>
												
											</div>
										</a>
														
																			    

																							
	


										<a href="https://2022.budapestritmo.hu/en/budapest-ritmo-conference/">											<div class="timetable-event" style="top:160px; min-height:78px;">

												<div class="timetable-event-time">
													12:00-13:00													
												</div>
												<div class="timetable-event-performer">
													World Cafe with European Capitals of Culture												</div>
												<span class="timetable-event-country"><p>Meet and Discuss with representatives<br />
Moderator: Balázs Weyer</p>
 </span>
												
											</div>
										</a>
														
																			    

																							
	


										<a href="https://2022.budapestritmo.hu/en/budapest-ritmo-conference-2/">											<div class="timetable-event" style="top:320px; min-height:78px;">

												<div class="timetable-event-time">
													14:00-15:00													
												</div>
												<div class="timetable-event-performer">
													Roundtable: Music Film Festivals												</div>
												<span class="timetable-event-country"><p>Moderator: Eszter Lányi</p>
 </span>
												
											</div>
										</a>
														
																			    

																							
	


										<a href="https://2022.budapestritmo.hu/en/budapest-ritmo-conference-2/">											<div class="timetable-event" style="top:400px; min-height:78px;">

												<div class="timetable-event-time">
													15:00-16:00													
												</div>
												<div class="timetable-event-performer">
													Roundtable: Distribution of Music Films												</div>
												<span class="timetable-event-country"><p>Moderator: Ajándok Gyenis</p>
 </span>
												
											</div>
										</a>
														
																			    

																							
	


										<a href="https://2022.budapestritmo.hu/en/budapest-ritmo-conference-2/">											<div class="timetable-event" style="top:480px; min-height:78px;">

												<div class="timetable-event-time">
													16:00-17:00													
												</div>
												<div class="timetable-event-performer">
													Roundtable: Sync – Music Placement in Ads, Shows &#038; More												</div>
												<span class="timetable-event-country"><p>Moderator: Balázs Weyer</p>
 </span>
												
											</div>
										</a>
														
									
							</div>

							

				

				
			
			</div> <!-- /row -->
		</div>  <!-- /container.day -->

		
</section> <!-- /timetable.section -->
